 11010?
-11232
In base 13, what is 2 + -19362a?
-193628
In base 16, what is -6034 + 9?
-602b
In base 9, what is 4 + -145534?
-145530
In base 11, what is 14 + 9?
22
In base 9, what is -4881 + 5?
-4875
In base 9, what is -23 - 60752?
-60775
In base 4, what is 10232 - 201300?
-131002
In base 5, what is -44 - 10120?
-10214
In base 16, what is -69b - -3a?
-661
In base 12, what is 140aa - 6?
140a4
In base 12, what is -258a9 - -2?
-258a7
In base 6, what is -34 + 34?
0
In base 8, what is -465654 + -15?
-465671
In base 8, what is -31 - 42277?
-42330
In base 5, what is 0 + 3231202?
3231202
In base 6, what is -4 + 334012?
334004
In base 4, what is -100311 + 312?
-33333
In base 16, what is 1a - -4e?
68
In base 8, what is 11 + -1045445?
-1045434
In base 16, what is 69e + 1e6?
884
In base 2, what is 101001110101110111111 - -10?
101001110101111000001
In base 16, what is -1e04 - 7?
-1e0b
In base 7, what is 6 + -32014?
-32005
In base 16, what is 4 + 1104f?
11053
In base 7, what is -3 - 1114505?
-1114511
In base 16, what is 5bc + 6f?
62b
In base 6, what is 12 + 321411?
321423
In base 5, what is 101334 + 123?
102012
In base 12, what is -11a0181 - -5?
-11a0178
In base 16, what is 36c - 5?
367
In base 13, what is 780 - -63?
813
In base 16, what is aefc - -1?
aefd
In base 8, what is -2011 - -3?
-2006
In base 8, what is 724 + 251?
1175
In base 3, what is 20210 + -2110?
11100
In base 13, what is 3537a8 + -3?
3537a5
In base 13, what is 7 + 2062?
2069
In base 11, what is 8936 - 4?
8932
In base 7, what is -5 + -3464315?
-3464323
In base 7, what is 106 + -241?
-132
In base 7, what is 165 + -114?
51
In base 4, what is -33021 + 3?
-33012
In base 10, what is -28 + 28?
0
In base 12, what is 901a57 + 2?
901a59
In base 16, what is 66c4 + -36?
668e
In base 6, what is -5 + -134044?
-134053
In base 5, what is 2232311 + 10?
2232321
In base 6, what is 144341 + -3?
144334
In base 4, what is 0 - -3031323111?
3031323111
In base 3, what is -120 + -10212010?
-10212200
In base 6, what is -110031 + 335?
-105252
In base 14, what is 44 + 798?
7dc
In base 12, what is 1734 - 0?
1734
In base 16, what is 56405 + 3?
56408
In base 3, what is -110001 + -2120?
-112121
In base 4, what is -2 - -2222?
2220
In base 12, what is -6a75 - -5?
-6a70
In base 4, what is 11 - -33210?
33221
In base 4, what is -121111200 + 11?
-121111123
In base 7, what is -106406 + -5?
-106414
In base 2, what is -1 - -100100101111011?
100100101111010
In base 14, what is 4 + -5666?
-5662
In base 10, what is -111 + 33?
-78
In base 4, what is 321132 - 21?
321111
In base 10, what is -1 - 697430?
-697431
In base 4, what is 3021 - 1100?
1321
In base 10, what is 4 + 1221?
1225
In base 14, what is 29 - 928?
-8dd
In base 3, what is 110120210 + -10?
110120200
In base 8, what is -5 + -12005?
-12012
In base 2, what is 10001 + -10100010101?
-10100000100
In base 5, what is -20332 - 201?
-21033
In base 9, what is 33 - -3271?
3314
In base 2, what is -11000110 - -111101111?
100101001
In base 7, what is 461 - 241?
220
In base 15, what is -189 + -706?
-890
In base 5, what is -2 + 214433242?
214433240
In base 4, what is 11 - 3022301?
-3022230
In base 2, what is 10100100101100010 - 100?
10100100101011110
In base 16, what is 41 + 388?
3c9
In base 4, what is 0 - 1312031?
-1312031
In base 9, what is -10 - -2040?
2030
In base 16, what is 1ed - a50?
-863
In base 3, what is 1122222 + -101?
1122121
In base 8, what is -4 + -117255?
-117261
In base 8, what is -1 + -1635442?
-1635443
In base 12, what is -18 + 420a?
41b2
In base 16, what is -e22a + -2?
-e22c
In base 13, what is -15 + -54b?
-563
In base 2, what is 100010010011101000001 + -11?
100010010011100111110
In base 7, what is -5334 + -2103?
-10440
In base 2, what is 11001010000 - -111100?
11010001100
In base 9, what is 11171 + 18?
11200
In base 10, what is 4547 + 34?
4581
In base 2, what is -1100 - -1111111010?
1111101110
In base 9, what is -342683 - -5?
-342677
In base 15, what is 204e0 + -4?
204db
In base 3, what is 10 + -200212212102?
-200212212022
In base 9, what is 2 + -16730?
-16727
In base 16, what is -9 - b20?
-b29
In base 5, what is -1 - -402204?
402203
In base 11, what is -36a5 - 190?
-3885
In base 14, what is -4 + 6845?
6841
In base 10, what is 299 + -3643?
-3344
In base 5, what is 3044400 + -10?
3044340
In base 12, what is -1393b + 4?
-13937
In base 11, what is -8a467 - -4?
-8a463
In base 6, what is -5 + -5021?
-5030
In base 6, what is 0 + 432220?
432220
In base 15, what is -b4 - d8?
-19c
In base 14, what is -2d146 - -a?
-2d13a
In base 6, what is -50 + -1003?
-1053
In base 11, what is -14 - 117861?
-117875
In base 4, what is -32031 + 130?
-31301
In base 11, what is -1867 - 0?
-1867
In base 3, what is 0 + -2100100022?
-2100100022
In base 14, what is -11 + -b6b?
-b7c
In base 14, what is -2 - -a293?
a291
In base 16, what is 5 + 1734d?
17352
In base 8, what is -2505 + 1227?
-1256
In base 2, what is 1001001110 - -10000000100?
11001010010
In base 13, what is -28bc + -6a?
-2959
In base 14, what is -3 - 21b?
-220
In base 4, what is 3 - -3003330?
3003333
In base 9, what is 62424 + 4?
62428
In base 2, what is -11 - -11000100111011111?
11000100111011100
In base 7, what is 102063 - -1?
102064
In base 8, what is -6740 + 650?
-6070
In base 15, what is 26e9 - 7?
26e2
In base 11, what is 31a + 65a?
979
In base 4, what is 203113 - -11?
203130
In base 2, what is -10010000010010 - 1111?
-10010000100001
In base 5, what is -214130 + 11?
-214114
In base 7, what is -53 - 2130?
-2213
In base 11, what is -471 - -30?
-441
In base 16, what is -e49 + 0?
-e49
In base 12, what is -89546 + 4?
-89542
In base 9, what is -144 + 375?
231
In base 16, what is 976 - 41?
935
In base 5, what is -4 - -3443221?
3443212
In base 10, what is 433 - 3?
430
In base 11, what is -1450 - 38?
-1488
In base 5, what is -1 + -12122413?
-12122414
In base 11, what is 3 + -129a3?
-129a0
In base 4, what is -1 + 22132?
22131
In base 2, what is -110011110 - 111011?
-111011001
In base 9, what is -143 - -60?
-73
In base 2, what is 100001 - -100111111110110?
101000000010111
In base 10, what is 1335983 + -3?
1335980
In base 6, what is -1121 + -224?
-1345
In base 5, what is 3 + -10100130?
-10100122
In base 10, what is -6 - -18278?
18272
In base 2, what is -100110 - -100000000110?
11111100000
In base 3, what is 210 - -222102101?
222110011
In base 11, what is -1a67a + -5?
-1a684
In base 14, what is 215c - -297?
2415
In base 3, what is 1211011 + 11102?
1222120
In base 15, what is 8d27 - 3?
8d24
In base 13, what is -8c - 13c1?
-1480
In base 10, what is 4520 + 30?
4550
In base 14, what is 91 - -8c?
13d
In base 14, what is -22b86 - -d?
-22b77
In base 6, what is -223241 + 4?
-223233
In base 5, what is 330234 + -11?
330223
In base 7, what is -2 - -3021?
3016
In base 7, what is -24 - -34133?
34106
In base 2, what is -10001101 - -11001000?
111011
In base 2, what is -1011 - -110001010000010000?
110001010000000101
In base 8, what is 3151 + 100?
3251
In base 4, what is -210 + -12122133?
-12123003
In base 3, what is -1002212112 - -20210?
-1002121202
In base 11, what is -269 - 32?
-2a0
In base 7, what is 5 - -2515503?
2515511
In base 10, what is -1021 + -11?
-1032
In base 7, what is 1414624 + -2?
1414622
In base 9, what is 6 + -340?
-333
In base 3, what is 11 + -1100102200012?
-1100102200001
In base 9, what is -1846 + 1?
-1845
In base 16, what is 0 - 3fcb?
-3fcb
In base 5, what is -121 + 2013?
1342
In base 5, what is 134 + -1124?
-440
In base 11, what is -1a210 + 7?
-1a204
In base 14, what is 15 + a69a?
a6b1
In base 14, what is 10074 + 24?
10098
In base 3, what is -1100 + -2022110?
-2100210
In base 7, what is 3 - -46000?
46003
In base 6, what is 344 - -13303?
14051
In base 16, what is -121 - 1287?
-13a8
In base 14, what is -6 - 456?
-45c
In base 4, what is 33 - -30222213?
30222312
In base 13, what is 5 + -196ab3?
-196aab
In base 16, what is -3 - -2128d?
2128a
In base 13, what is 1b4 - 2cb?
-117
In base 10, what is 1629 - 1630?
-1
In base 10, what is -62171 - -2?
-62169
In base 3, what is -22101220 + -21?
-22102011
In base 3, what is -10 + -102212111?
-102212121
In base 14, what is -2 + 35dd2?
35dd0
In base 2, what is -100000010011 + 0?
-100000010011
In base 10, what is -5 + -10608?
-10613
In base 5, what is 22234 - -24300?
102034
In base 7, what is 4 - 111412?
-1114